alue of 0 + 2 + (8 - -1) + (64 + -39 - -28)?
64
What is -3 + (-4 - (19 + -11 - (-2 + 11)) - -78)?
72
What is the value of -26 + -31 + (10 + 15 - 31)?
-63
(5 - (47 + 1)) + 27 + (-56 - -28)
-44
What is the value of (-478 - -459) + 0 + 44?
25
What is -1 - 63 - (-11 - ((-62 - -31) + (6 - -2)))?
-76
Evaluate 8 - (4 + -19) - (28 + -27 - (-4 - -1)).
19
What is the value of 2 + 18 - (-96 + 81 - 36)?
71
9 - 61 - (-19 - (13 - 4))
-24
Evaluate 4 + 3 + 34 + -11566 + 11485.
-40
What is the value of 2 + (22 - 11 - (2 + -5 - -1)) + -6?
9
What is 2 + -8 + -2 - (-72 + (48 - -4))?
12
Evaluate -25 + 13 + (29 - 29) + 8.
-4
(-84 - 2) + (-895 - -908)
-73
What is -50 - (-44 + (64 - 34) + 12)?
-48
What is 43 + -22 + -8 + -20 + 56?
49
Evaluate (4 + -53 - 5) + -3 - (-21 + 19) - -1.
-54
Evaluate (-17 - -26) + -26 - (-6 + 16).
-27
6 - (11 - -25) - -15 - (0 + -58)
43
What is 0 + (-7 - -43) + (-8 - 12) + 14?
30
What is 2 + -58 + (7 - (34 + -38)) + 2?
-43
What is the value of -21 - (5 - (12 - (-37 - -18)))?
5
What is the value of -82 + 55 - (-129 - (-7 + 2))?
97
What is the value of (-4 - (-8 - -18)) + -8 + 20?
-2
144 + -84 + 119 + -125
54
Calculate -4 + (1 - 16) + 14 + (-34 - -21 - 1).
-19
Evaluate 89 + (12 + -21 - (0 + 2) - (-26 + -1)).
105
What is the value of 8 - (-88 + (-2 - -37))?
61
Evaluate (-57 + 47 - -19) + -27.
-18
What is -5 + (-32 - (16 + -46))?
-7
Evaluate (-2 - -4) + -99 + 3 + (203 + -427 - -216).
-102
What is the value of -52 + -16 + -23 + 43 + 18?
-30
Evaluate 11 - (-70 - (-4 + (-5 - (-18 + 12)))).
78
What is the value of (4 - 8) + 41 + (9 - -9 - (2 - -14))?
39
What is the value of -94 - (-87 - -156 - 89)?
-74
What is (-10 + (15 - -3) - 13) + 52 + (-2 - -3)?
48
What is the value of 20 + (-2 - (8 + 5)) + -19 + 19?
5
What is the value of 108 + (-20 - -43) - (12 - (-2 - -9) - 2)?
128
Calculate (-29 - (37 - 70)) + -38.
-34
Calculate (18 + -6 + 8 - 12) + -32 - -8 - 5.
-21
What is (16740 - 16724) + (13 - (0 - 0))?
29
What is 39 + -60 - -54 - 18 - 81?
-66
What is -76 + (-12 + 16 + 20 - 28 - (2 + 1))?
-83
What is -1539 + 1538 - (44 - 2)?
-43
What is the value of -1 + 18 + 922 + -924?
15
Calculate -12 + (22 - (-10 + 2 + 5 + -6)).
19
What is the value of -9 + 2 - (-34 - -49 - 23 - (0 - 13))?
-12
Evaluate 59 + (-5 + 0 - 21) + 14.
47
Evaluate 0 + 13 - (25 - (-14 + -19 + -16)).
-61
Evaluate -55 + 114 + -67 - 6.
-14
Evaluate -37 - (-262 + 221 - (3 + -5)).
2
Calculate (-9 - (-3 - -1) - -3) + (66 - -12) + -30.
44
What is 1708 + -1691 - (23 - (0 + 0))?
-6
(-16 + 13 - (2 - -29)) + 12 - -7
-15
Evaluate -53 + 50 + 56 + -16.
37
(-210 - -49 - -88) + -11
-84
Calculate -5 - (36 + -45) - (-5 + 4 + (3 - -9)).
-7
What is the value of -8 + 6 + (247 + -243 - (0 + -24))?
26
Calculate 83 + (24 - (-55 - -73)) - (15 - 2 - 1).
77
What is (5 - (12 - -8)) + (0 + 38 - 55)?
-32
What is -37 + 12 + -21 - -53?
7
Evaluate -20 - ((4 - 13) + 17).
-28
(-65 - -47 - -42) + -8
16
(-42 + 8 + 14 - (2 + -32)) + -137
-127
Evaluate -43 + 76 + 0 + -35.
-2
What is (-23 - ((26 - 68) + 4)) + -112?
-97
Calculate -46 - (12 - (-49 + 48)).
-59
What is (14 + 17 - 29 - -10) + -34?
-22
Evaluate 124 + -2 + 30 - 283.
-131
What is -30 - (-11 + 3 + -19 + 13 + 8)?
-24
What is the value of 104 + 9 + (23 - 84)?
52
Calculate -34 + -147 - (-172 - -95).
-104
What is the value of (-33 - -73 - 41) + (-36 - 0) - (-3 + 9)?
-43
11 + -37 + 46 + 18
38
Evaluate (-5 - 10 - (-2 + 2 - (12 - 18))) + -9.
-30
Evaluate 8 - 2 - (-50 + 74 + -64).
46
Calculate -38 + -1 + 17 + (-37 + 28 - (8 - 2)).
-37
16 - (9 - (-49 - -44))
2
-4 + (-7 - -48) + -17 + -21
-1
Evaluate -13 + 1 - (-148 + 127).
9
-70 - ((39 - 4) + -41)
-64
What is -60 - -94 - (22 + (2 - -1))?
9
Evaluate (-3 - (-7 - 7)) + (-213 - -169 - (1 - -7)).
-41
Evaluate 24 - ((1 - 9) + 5 - (-2 - (6 - -4))).
15
Calculate -1 + 13 - (-9 - -6) - (-3 - (9 - 3)).
24
Calculate (57 - (-16 + 38)) + (-4 - 5).
26
What is (0 - 1) + (8 + -55 + 18 - 5)?
-35
Calculate 15 - -24 - 18 - 1 - 27.
-7
(732 - 826) + (0 + (-26 - -6) - -3)
-111
Evaluate 21 + (-11 - (-13 + 8)) + (-26 - -6).
-5
-1 + (-24 - -10) + 49
34
What is the value of 1000 - 998 - (1 + -4 - 4) - -88?
97
Evaluate ((17 - -12) + -11 - -2) + (-11 - (2 + -2)).
9
What is the value of -21 + (-9 - (-3 - 13)) + (7 - 0)?
-7
What is the value of 37 + (-26 - -64) + -74 - (-17 - (-4 - -2))?
16
What is the value of 12 + (154 + -145 - (-11 - -1) - -16)?
47
Calculate -56 + 18 + 60 + -73.
-51
-14 - (-6 - -1) - (-10 + 2 + (-5 - -69))
-65
What is the value of -5 + (65 + -105 - -21)?
-24
Evaluate 126 + 3 + 2 + -100 + (34 - -50).
115
What is the value of 59 + -42 + 25 + -35 + 30?
37
Calculate 1 + (-88 - -1) + (-6 + 44 - 34).
-82
What is the value of 12 - -2 - (39 + 48 - 53)?
-20
Evaluate ((5 - -29) + -25 - (-1 + 1)) + 2 + 1.
12
37 + (0 - 59) - -23
1
Evaluate 45 + -13 + (5 - (-8 + 4 + 4)).
37
Evaluate (-11 - (-16 - -10) - -13) + -4 + -8.
-4
28 + -26 + -18 + 56 + -15
25
Calculate 37 - 25 - 3 - (0 - -34) - -13 - 43.
-55
Evaluate 35 - (16 - ((29 - 72) + 119)).
95
What is the value of -22 + -69 + (-18 - -74)?
-35
Calculate 30 + -13 - (-1 + 3 - (-1 - -6)) - -3.
23
Calculate 2 - (1 + 6 + (11 - (2 + 9))).
-5
What is -117 - (-1 - (1 + 15 + -28) - 18)?
-110
29 - (38 - (9 + 95) - -17)
78
What is 2 - ((-4 - (-11 + 4)) + 2 - 9)?
6
What is 0 + 6 - (69 - -3 - (-6 - (-38 + 14)))?
-48
(37 - 34) + 2 + 0 - (-74 + -15 + 12)
82
What is the value of (1848 - 1913) + 103 + -1?
37
-3 + 6 + -2 + -25 + (-282 - -304)
-2
13 + -13 + 11 + 1 + (-13 - -8)
7
What is (-190 + 169 - (-1 - 1)) + 31 + 59?
71
Calculate -33 - -115 - (24 - 4 - 19).
81
What is the value of 33 - ((9 - 4 - 12) + -12)?
52
What is 1 + 27 + 1 + (2682 - 2703)?
8
Evaluate -75 + 154 + -23 + -56.
0
What is the value of 0 + (5 - -1) - ((-247 - -144) + 68)?
41
What is (289 - 278) + 4 + -18 + (3 - 2)?
-2
(2 - -4) + -5 + 10 + (-62 - -41)
-10
What is the value of 2 - 50 - (87 - 131 - -26)?
-30
What is the value of (14 - (-3 + 6 + -4 + 10)) + -33?
-28
What is (-25 - 1) + -7657 + 7613?
-70
Calculate 52 + -12 - 11 - (-4 - (8 + -1)).
40
Calculate (0 - 1) + -12 + (51 - 142) + 54.
-50
Calculate 86 - ((77 - -231) + -95).
-127
Evaluate 124 + -14 + -23 + (1 - 13 - 2).
73
What is -8 + -29 - -40 - (-50 + 0 + 6)?
47
Evaluate -4 + 4 + 7 + -8 + 7 + -10 + -36.
-40
(-1 - 1 - 11) + (139 - 115) + -25
-14
Evaluate -32 - (-126 + -1 - (-193 - -162)).
64
What is -4 + -2 - (27 + (20 + 5 - 9))?
-49
Evaluate (90 - (-26 + 53)) + -33 + -60.
-30
-50 + 48 - (7 - -6 - -13)
-28
What is the value of 6 + -12 + -8 + -35 + 11 + -6?
-44
Evaluate (8671 - 8688) + 62 + 1 + -1.
45
Evaluate 31 + 39 - (70 + 39).
-39
What is the value of (20 - (4 + 10 + 28)) + -1?
-23
Calculate 52 - (-2 - 1) - (40 + -40) - 9.
46
(-5 - 4) + 10 + -56 - (101 - 92)
-64
What is 16 + (-17 + 15 + -14 - -14)?
14
What is -36 + 5 - 23 - -53?
-1
Evaluate 25 + -16 + (10 + -30 + 7 - -3).
-1
What is the value of -719 + 639 + 2 + 31?
-47
Calculate (-563 - -558) + -31 + 1 + 0.
-35
Calculate -7 + 3 + 5 - (-13 + -4 - -1).
17
What is (-317 - -229) + (5 - -47)?
-36
Calculate 28 - 0 - (23 + 2 + -3 + (32 - 45)).
19
What is the value of -4 - ((1 - (0 + 0)) + -1029 + 1033) - -66?
57
What is (-14 - -46 - -5) + (-2 - -4) + 1?
40
What is -3 + -18 - (-146 - -79) - -25?
71
-87 + 41 + 37 - (0 + 26)
-35
Calculate -53 - (147 + -121) - (1 + 1).
-81
Calculate (10 + (-26 - (-14 - -6)) + 16 - 4) + -8.
-4
Evaluate 143 - ((-59 - -142) + -10).
70
What is 924 + -925 + (-14 - 3)?
-18
26 + 2 + 50 + -11 + -24
43
Evaluate -90 - ((15 - -3) + (115 - 158)).
-65
What is the value of (-104 - -13) + (-485 - -606)?
30
What is the value of -64 + 0 - 0 - (-1 + 32 - (-120 + 151))?
-64
What is (-52 - -4) + (-15 - (11 + -39))?
-35
What is 1 + (-5 - (-13 + 6)) + -561 + 582?
24
What is the value of (-2 - 11) + (-1 - -1) + 3 + (10 - -73)?
73
What is -2 + -11 + 25 + 6 + -74?
-56
Evaluate (15 - -2) + (125 - (294 + -126)).
-26
What is the value of 2 - 92 - -99 - -62?
71
What is the value of 35 + -2 - 13 - (59 + 3)?
-42
Evaluate (-7 - -19 - 6) + 10 + (14 - 64).
-34
What is (-15 - 232 - -65) + 36?
-146
Evaluate -1 + 18 + -138 + -7 + (-20 - -20).
-128
What is the value of (96 - 106) + (-26 - -13)?
-23
Calculate (-4 - -5 - (-11 + 15)) + -16 + 5.
-14
What is the value of 1 + 0 + (102 - -1) - (-1017 - -1029)?
92
Evaluate 0 + -2 - 25 - (6247 - 6236).
-38
(7 - (11 + 1